 Suppose 4*h + 2*p = p + g, 5*h - p + 3 = 0. Suppose -l + 0*l + 2 = h. What is the remainder when 2 is divided by l?
0
Let a = -1 + 6. Suppose -6*i = 5*b - 4*i - 14, i - 4 = -b. Suppose 0 = -3*y + 2*h + 50, 4*y - 2*h - 72 = b*h. What is the remainder when y is divided by a?
4
Let o = 104 - 49. Let g = o - -36. Calculate the remainder when g is divided by 23.
22
Let y be (3 - (-10)/(-2)) + 3. Let k be -4 + 3/(-4 + y). Let s = k + 24. Calculate the remainder when 37 is divided by s.
18
Let q(v) = -21*v - 1. Suppose -5*t - 2 = -3*t. Calculate the remainder when q(t) is divided by -1*-2*2 + 3.
6
Suppose 12 = 4*t, -10 = -2*m - 2*t + 24. What is the remainder when 40 is divided by m?
12
Let m(d) = 19*d. Let t(j) = 132*j. Let i(r) = 22*m(r) - 3*t(r). Suppose 0 = 3*w + g - 27 + 7, 4 = 2*w - 4*g. What is the remainder when i(1) is divided by w?
4
Suppose 2*h = 1 + 9. Suppose 31 = 3*r - h. What is the remainder when r is divided by 5?
2
Let j = -68 - -119. What is the remainder when j is divided by 11?
7
Let w(u) = u + 7. Calculate the remainder when w(10) is divided by 5.
2
Suppose 5*w - 90 = -z, -z - w - 125 = -3*z. Calculate the remainder when 3718/z - 2/10 is divided by 12.
9
Let m(f) = 22*f - 5. Let r(y) = y + 9. Let b be r(-7). Suppose 5*o = -b*z + 20, -3*o = -4*z - 0*o + 92. Calculate the remainder when m(2) is divided by z.
19
Let y(p) = -2*p - 9. Calculate the remainder when y(-9) is divided by 3.
0
Suppose -5*l + 2*l = -288. Calculate the remainder when l is divided by 33.
30
Let d = -3 - -13. Suppose 12*r - 14 = d*r. Calculate the remainder when 13 is divided by r.
6
Suppose -2*z - 16 = -6*z. Calculate the remainder when 6 is divided by z.
2
Let s(g) = -g**3 + 2*g**2 - g + 7. Calculate the remainder when 12 is divided by s(0).
5
Let w be (233/1)/((-1)/3). Let y be 2/8 - w/4. Suppose -2*a = 3*a - y. Calculate the remainder when a is divided by 9.
8
Let c(m) = -m**3 - 10*m**2 + 10*m - 4. What is the remainder when 25 is divided by c(-11)?
4
Let f be (-2 - -6)/(1/4). Calculate the remainder when 24 is divided by (f/1)/1 + -3.
11
Let b = 59 + -46. What is the remainder when 35 is divided by b?
9
Suppose 3*b - 3*f = -79 + 7, -4*b - 99 = -3*f. Let g(y) = -y**2 + 4*y. Let c be g(4). Calculate the remainder when (c - b) + (-2)/1 is divided by 13.
12
Suppose z + 975 = 4*k, 2*k = -2*k - 3*z + 963. What is the remainder when k is divided by 41?
38
Suppose 34 = 5*h + 9. What is the remainder when 14 is divided by h?
4
Let b = 95 + -78. Calculate the remainder when 167 is divided by b.
14
Suppose 0 = 5*o - 0*o - 50. Suppose 10*f - 10 = 5*f - 3*b, 3*f + b - o = 0. What is the remainder when f is divided by 3/6*8 - 1?
2
Suppose b + 2*b = 18. Suppose 29*a + 81 = 32*a. What is the remainder when a is divided by b?
3
Let d = -8 - -11. Let b be 1/((-9)/6)*d. What is the remainder when 9 is divided by ((-5)/2)/(1/b)?
4
Suppose 0 = -3*f - 3*d + 63, -4*d + 0 = -4. Let u(w) = 3*w**2 + 2*w - 1. Calculate the remainder when f is divided by u(-2).
6
Suppose 3*r + 25 - 166 = 0. What is the remainder when r is divided by 12?
11
Let y = 149 + -9. Calculate the remainder when y is divided by 47.
46
Suppose -p - 4*f - 20 = -5*p, 3*p - 2*f = 18. Calculate the remainder when 14 is divided by p.
6
Suppose 4*o = -33 + 149. Let q = 7 + o. Calculate the remainder when q is divided by 19.
17
Let u(g) = -6*g**3. Let h be u(-1). Let c = 5 + h. Calculate the remainder when (5/4)/((-3)/(-48)) is divided by c.
9
Let s be (0/(-2) - 1) + 38. Let c = 54 - s. Calculate the remainder when 33 is divided by c.
16
Let t(j) = 2*j + 4. Suppose -72*s = -81*s + 225. What is the remainder when s is divided by t(3)?
5
Let n(d) = -4*d**3 + 3*d**3 + 3 + 7*d - 1. Let k be n(-5). Calculate the remainder when k/8 - (-1)/2 is divided by 7.
5
Suppose -6*f + 3*f = -60. Calculate the remainder when (-4)/12 - 356/(-6) is divided by f.
19
Suppose l = 3 + 17. What is the remainder when l is divided by 8?
4
Suppose -q = 5*p + q - 387, -5*p + 5*q + 415 = 0. What is the remainder when p is divided by 25?
4
Let t(c) = c**2 + 6*c + 10. Calculate the remainder when 61 is divided by t(-7).
10
Let y be 1/2 + 3/6. Let n(g) = -g**2 - 6*g + 17. Calculate the remainder when (39 - y/1) + -1 is divided by n(-7).
7
Let x = 47 + -18. Calculate the remainder when x is divided by 6.
5
Let f = 60 - -83. Calculate the remainder when f is divided by 36.
35
Let i = 63 - 17. What is the remainder when i is divided by 18?
10
Let k(z) = 4*z + 2. Let d be k(-4). Let t = 34 + d. Suppose -5*i + 0*i + t = 0. Calculate the remainder when 6 is divided by i.
2
Let d(i) = -i**3 - 6*i**2 + 3*i + 5. Let h(z) = -z**2 - 2*z + 8. Let v be h(-5). Calculate the remainder when d(v) is divided by 17.
16
Calculate the remainder when 161 is divided by (-203)/(-5) - (-22)/55.
38
Suppose 15*p - 4*p = 176. What is the remainder when 28 is divided by p?
12
Let n(o) = 23*o**2 - o + 1. What is the remainder when 90 is divided by n(1)?
21
Let t(r) = -4*r**3 + r + 3. Calculate the remainder when t(-2) is divided by 12.
9
Suppose -3*q = -41 - 10. What is the remainder when q is divided by 9?
8
Let w(b) = -12*b - 4. Let a be w(6). Calculate the remainder when 14*(a/(-8) + -2) is divided by 27.
24
Suppose 0 = 5*w - 0*w - 20. Suppose w*v = -v + 35. What is the remainder when 20 is divided by v?
6
Let c = -3 + 26. Let k(l) = l**3 + 5*l**2 - 5*l + 6. Let j be k(-6). Suppose j*r = q - 3*r - 23, 2*q = -4*r - 4. What is the remainder when c is divided by q?
7
Suppose 0 = -3*t - 0*t + 12. Suppose 0*h + t*h = 24. Let d(f) = 4*f - 13. Calculate the remainder when d(9) is divided by h.
5
Let y(o) = -1 - o**3 - 2*o**2 - o**2 + 11*o - 12*o - 3. Calculate the remainder when y(-4) is divided by 9.
7
Let t = 1 - 0. Calculate the remainder when 56 is divided by -2 - -4 - (-18 + t).
18
Suppose 354 = 10*k - 96. Calculate the remainder when 86 is divided by k.
41
Suppose -3*f + 2*h = -246 + 48, 0 = -4*f + 3*h + 263. Calculate the remainder when f is divided by 23.
22
Suppose 0 = 5*v + 19 - 89. What is the remainder when 41 is divided by v?
13
Suppose c - 8 = -6. Calculate the remainder when 20 is divided by (-5 + c - -10)/1.
6
Suppose 5*c + 5 - 15 = 0, 3*c = 3*b - 228. What is the remainder when b is divided by 20?
18
Let p(a) = 10*a**3 + 2*a**2 - 1. Let o(k) = k**3 - 9*k**2 + 13*k + 11. Calculate the remainder when p(1) is divided by o(7).
3
Suppose y + 4*b = -84, 3*y = 5*b + 17 - 303. Let l = -66 - y. What is the remainder when l is divided by 7?
5
Let o be 3*1*42/(-9). Let b(d) = -d**3 + 6*d**2 - d. Let i be b(4). Let w = i - o. What is the remainder when w is divided by 11?
9
Suppose -4*f + 318 = h - 226, 5*f - 2*h = 667. What is the remainder when f is divided by 34?
33
Let h = 16 - 31. What is the remainder when 15 is divided by (-1 - 9/h)*-20?
7
Let b be (2 + -1)*2 - -2. Suppose -4*a + 0*a = -72. Calculate the remainder when 78/a - b/(-6) is divided by 2.
1
Let a be (1 + -4)/(9/(-30)). Let i be (-6)/a + 2/(-5). Calculate the remainder when (1 - i)/((-2)/(-13)) is divided by 8.
5
Let u(q) = -q**3 + 16*q**2 - 6*q - 18. What is the remainder when u(15) is divided by 30?
27
Let p(b) = b**3 + 9*b**2 - 6. Calculate the remainder when p(-7) is divided by 31.
30
Suppose -5*a - 63 = -4*k, -3*k + 5*a = -49 + 3. Calculate the remainder when 45 is divided by k.
11
Let x(y) = 2*y**2 - 3*y - 3. Let c(b) = -b**2 + b. Let i(r) = -3*c(r) - x(r). What is the remainder when i(-3) is divided by 5?
2
Let p = -65 - -96. Let s(y) = -y + p + y + y**2 + 0*y**2. Calculate the remainder when s(0) is divided by 11.
9
Let g = -102 - -254. Calculate the remainder when g is divided by 22.
20
Let s = -58 + 111. What is the remainder when 105 is divided by s?
52
Suppose -z + 5*z = 16. Let r = 33 - z. What is the remainder when 84 is divided by r?
26
Suppose 3*k = -g + 12, -k + g = 6*g + 10. Calculate the remainder when 19 is divided by k.
4
Suppose -4*t = -l - t + 5, l + 2 = -4*t. Suppose 2*p + 3*p + 19 = g, -g = 1. What is the remainder when p/3*6/(-4) is divided by l?
0
Let c(n) = 2*n**2 - 5*n - 1. Let o be c(5). Suppose 2*m + o = 5*m. Calculate the remainder when 22 is divided by m.
6
Suppose -5*t - 69 = -8*t. What is the remainder when (5 - -41) + (-2 - -1) is divided by t?
22
Let f(j) = 7*j**2 + 1.